 digit of 190807049?
9
What is the ten thousands digit of 2578173930?
7
What is the hundred millions digit of 290725890?
2
What is the hundred thousands digit of 7574619093?
6
What is the millions digit of 14498691?
4
What is the ten thousands digit of 305170001?
7
What is the units digit of 1734713267?
7
What is the millions digit of 1139855433?
9
What is the hundred thousands digit of 629804021?
8
What is the hundreds digit of 447928140?
1
What is the hundred thousands digit of 2441411508?
4
What is the thousands digit of 1111489885?
9
What is the hundred thousands digit of 261702341?
7
What is the units digit of 581281413?
3
What is the millions digit of 5672514471?
2
What is the millions digit of 1388215213?
8
What is the millions digit of 21083309?
1
What is the millions digit of 53386706?
3
What is the ten thousands digit of 88647674?
4
What is the billions digit of 1251866705?
1
What is the units digit of 131152552?
2
What is the hundreds digit of 8316587731?
7
What is the hundreds digit of 4107971?
9
What is the units digit of 17837230?
0
What is the hundred thousands digit of 614992602?
9
What is the ten millions digit of 32450053?
3
What is the units digit of 20847810?
0
What is the ten thousands digit of 165342392?
4
What is the hundred thousands digit of 2854733968?
7
What is the billions digit of 4527206469?
4
What is the hundred millions digit of 209456467?
2
What is the units digit of 210683513?
3
What is the thousands digit of 4039422861?
2
What is the hundred millions digit of 954332031?
9
What is the hundreds digit of 77432790?
7
What is the millions digit of 18768634?
8
What is the ten thousands digit of 2531915723?
1
What is the ten thousands digit of 164190635?
9
What is the units digit of 16623310?
0
What is the units digit of 115502519?
9
What is the ten thousands digit of 230154633?
5
What is the hundreds digit of 913187277?
2
What is the units digit of 83099659?
9
What is the units digit of 2376151345?
5
What is the millions digit of 343698101?
3
What is the thousands digit of 18754471?
4
What is the tens digit of 44450390?
9
What is the hundred thousands digit of 9085743?
0
What is the tens digit of 277319886?
8
What is the ten millions digit of 131769604?
3
What is the ten millions digit of 979408486?
7
What is the ten millions digit of 128400824?
2
What is the hundreds digit of 333347640?
6
What is the ten thousands digit of 809027790?
2
What is the ten millions digit of 1153052583?
5
What is the billions digit of 5180349926?
5
What is the thousands digit of 1050116852?
6
What is the ten thousands digit of 95258475?
5
What is the units digit of 45444976?
6
What is the millions digit of 66694040?
6
What is the units digit of 14499181?
1
What is the hundred thousands digit of 899392267?
3
What is the ten thousands digit of 38012480?
1
What is the hundred thousands digit of 3156486004?
4
What is the hundred thousands digit of 71060511?
0
What is the ten millions digit of 996067708?
9
What is the millions digit of 425004036?
5
What is the thousands digit of 41759943?
9
What is the thousands digit of 3357041?
7
What is the hundred thousands digit of 275936915?
9
What is the millions digit of 71056961?
1
What is the tens digit of 229168199?
9
What is the millions digit of 657821007?
7
What is the millions digit of 269950003?
9
What is the thousands digit of 52269902?
9
What is the hundred thousands digit of 372724624?
7
What is the hundred millions digit of 742107657?
7
What is the ten thousands digit of 68695405?
9
What is the ten thousands digit of 192427459?
2
What is the hundreds digit of 78232820?
8
What is the units digit of 58069484?
4
What is the hundred thousands digit of 50918823?
9
What is the ten thousands digit of 184314837?
1
What is the hundred thousands digit of 83460099?
4
What is the tens digit of 57431071?
7
What is the thousands digit of 624396848?
6
What is the tens digit of 17120427?
2
What is the thousands digit of 48655709?
5
What is the hundred thousands digit of 31844553?
8
What is the thousands digit of 249638?
9
What is the hundred millions digit of 701415502?
7
What is the millions digit of 187887057?
7
What is the units digit of 16233349?
9
What is the tens digit of 469959042?
4
What is the hundreds digit of 118250405?
4
What is the tens digit of 450743159?
5
What is the billions digit of 1205538823?
1
What is the hundreds digit of 406209539?
5
What is the units digit of 226474825?
5
What is the units digit of 19189528?
8
What is the hundred millions digit of 5445911736?
4
What is the hundreds digit of 101252232?
2
What is the units digit of 256432454?
4
What is the ten thousands digit of 744159059?
5
What is the hundred thousands digit of 125977911?
9
What is the hundred millions digit of 593135032?
5
What is the thousands digit of 242175307?
5
What is the units digit of 4307682208?
8
What is the ten thousands digit of 47291770?
9
What is the units digit of 8043455?
5
What is the billions digit of 1794868712?
1
What is the hundred millions digit of 267316277?
2
What is the hundred millions digit of 342269263?
3
What is the units digit of 2059099926?
6
What is the ten thousands digit of 154032455?
3
What is the thousands digit of 1276657?
6
What is the hundred thousands digit of 122894233?
8
What is the millions digit of 879949541?
9
What is the hundred millions digit of 105545349?
1
What is the thousands digit of 38958607?
8
What is the tens digit of 5918190254?
5
What is the units digit of 4482238?
8
What is the ten thousands digit of 1431090591?
9
What is the millions digit of 2633496297?
3
What is the ten thousands digit of 949489718?
8
What is the hundreds digit of 1077090859?
8
What is the units digit of 2376640919?
9
What is the units digit of 1093246568?
8
What is the hundred thousands digit of 309295631?
2
What is the thousands digit of 59046232?
6
What is the thousands digit of 44494050?
4
What is the tens digit of 818024198?
9
What is the ten millions digit of 883919069?
8
What is the tens digit of 20480453?
5
What is the tens digit of 49380405?
0
What is the thousands digit of 302780278?
0
What is the ten thousands digit of 828443519?
4
What is the units digit of 351379336?
6
What is the thousands digit of 260356517?
6
What is the ten millions digit of 86800268?
8
What is the units digit of 191180530?
0
What is the millions digit of 120448559?
0
What is the tens digit of 2740610655?
5
What is the millions digit of 51625176?
1
What is the tens digit of 48444873?
7
What is the tens digit of 843987?
8
What is the tens digit of 23122135?
3
What is the units digit of 98977628?
8
What is the millions digit of 2905731296?
5
What is the hundreds digit of 722460831?
8
What is the units digit of 23567998?
8
What is the thousands digit of 661064659?
4
What is the hundred thousands digit of 380035013?
0
What is the hundreds digit of 1214889050?
0
What is the tens digit of 494968605?
0
What is the ten millions digit of 165491481?
6
What is the units digit of 37661203?
3
What is the tens digit of 852948578?
7
What is the thousands digit of 24410536?
0
What is the tens digit of 68642738?
3
What is the units digit of 37077965?
5
What is the hundred thousands digit of 1023698547?
6
What is the ten thousands digit of 542443946?
4
What is the hundred thousands digit of 221650810?
6
What is the tens digit of 207922981?
8
What is the hundred millions digit of 112904953?
1
What is the hundreds digit of 222440985?
9
What is the millions digit of 624123917?
4
What is the thousands digit of 104694881?
4
What is the units digit of 35354093?
3
What is the hundred thousands digit of 677281054?
2
What is the ten millions digit of 479852307?
7
What is the billions digit of 6039113302?
6
What is the thousands digit of 464201412?
1
What is the thousands digit of 39568886?
8
What is the hundreds digit of 535580494?
4
What is the ten thousands digit of 811069093?
6
What is the hundred thousands digit of 63396276?
3
What is the ten thousands digit of 6850543?
5
What is the hundred thousands digit of 53691420?
6
What is the hundred thousands digit of 90851730?
8
What is the thousands digit of 35675426?
5
What is the hundreds digit of 140204922?
9
What is the hundred thousands digit of 782786111?
7
What is the u